).
-2
Let w(i) = 6*i**2 + 36*i - 6. What is w(-7)?
36
Let z(h) = 4*h**2 + 27*h + 19. What is z(-6)?
1
Let w(d) = -d**3 - 26*d**2 + 25*d - 56. Determine w(-27).
-2
Let g(p) = -2*p**3 - 10*p**2 + 6*p - 10. Determine g(-6).
26
Let g(b) = 12*b**2 + 9*b + 20. Calculate g(-4).
176
Let h(x) = -x**2 + 8*x - 7. Give h(6).
5
Let u(l) = -l**2 - 4*l + 895. What is u(-32)?
-1
Let y(r) = 21*r + 1. Calculate y(4).
85
Let v(q) = -q**2 - 12*q + 18. What is v(-13)?
5
Let q(r) = -r**3 - r**2 + r - 12. What is q(0)?
-12
Let i(r) = 4*r**3 + 3*r**2 - 2*r + 1. Determine i(1).
6
Let p(f) = 3*f**2 + 26*f + 10. Calculate p(-8).
-6
Let q(n) = 2*n + 18. Calculate q(-5).
8
Let m(r) = -r**2 + r. Determine m(1).
0
Let t(b) = -2*b + 3. Give t(-5).
13
Let a(d) = d**2 - 11*d - 10. Give a(12).
2
Let k(j) = j**2 + 10*j - 32. Calculate k(-12).
-8
Let j(r) = -r**3 - 8*r**2 - 5*r + 13. Determine j(-6).
-29
Let h(s) = -s**3 + 11*s**2 - 16*s + 13. Give h(9).
31
Let t(k) = 11*k**2 + 4*k - 15. What is t(2)?
37
Let g(u) = 2*u + 59. Calculate g(-31).
-3
Let r(c) = c - 3. Calculate r(10).
7
Let l(t) = -t**3 - 10*t**2 - 14*t - 4. Determine l(-8).
-20
Let n(x) = x**3 + x**2 - 2. Calculate n(0).
-2
Let g(o) = -4*o + 40. Give g(21).
-44
Let r(s) = s**3 + 3*s**2 + 3*s + 31. What is r(-4)?
3
Let o(f) = f**2 - 3*f - 16. What is o(6)?
2
Let z(l) = 8*l + 11. Calculate z(-7).
-45
Let r(k) = k**3 + 6*k**2 - 3*k - 5. Calculate r(-7).
-33
Let w(v) = -4*v - 54. Calculate w(-17).
14
Let g(q) = q**2 - 15*q + 14. What is g(14)?
0
Let w(n) = 2*n - 20. Determine w(9).
-2
Let t(i) = i**3 + 14*i**2 + 28*i + 53. Determine t(-12).
5
Let p(k) = 31*k + 161. Give p(-5).
6
Let j(s) = -65*s + 315. Give j(5).
-10
Let x(q) = q + 35. Calculate x(-18).
17
Let q(s) = -3*s**3 + 2*s**2 - 2. What is q(-2)?
30
Let j(g) = -g + 1. Determine j(2).
-1
Let z(v) = -v**3 + 4*v**2 - 3*v + 3. What is z(4)?
-9
Let r(s) = -s**2 - s + 2. Calculate r(5).
-28
Let n(p) = -6*p + 125. What is n(21)?
-1
Let y(k) = 16*k**2 + 3*k - 3. Calculate y(-2).
55
Let c(d) = 2*d - 6. Give c(5).
4
Let f(x) = 50*x**2 + 1. What is f(1)?
51
Let o(z) = z**3 - 15*z**2 + 15*z - 10. Determine o(14).
4
Let g(b) = b**3 - 6*b**2 - 16*b - 11. What is g(8)?
-11
Let v(w) = -w**3 - w**2 + 8*w + 1. Determine v(-4).
17
Let f(b) = -2*b**2 + 12*b - 19. What is f(5)?
-9
Let a(j) = -j**3 + 2*j**2 + 5*j - 6. Calculate a(2).
4
Let g(r) = r**3 - 4*r**2 + 3. Calculate g(4).
3
Let c(m) = 10*m**3 + m**2 - 24*m + 22. Give c(1).
9
Let q(r) = -4*r - 33. Determine q(-9).
3
Let h(g) = -2*g**3 - 31*g**2 + 20*g + 56. Determine h(-16).
-8
Let t(j) = j**3 - 16*j**2 + 29*j - 21. Calculate t(14).
-7
Let u(y) = -2*y**2 - 108*y + 4. What is u(-54)?
4
Let f(l) = -7*l**3 + 4*l**2 - 2*l - 2. Determine f(2).
-46
Let x(a) = -a**3 - 32*a**2 - 31*a + 7. Give x(-31).
7
Let x(o) = o**3 - 22*o**2 - 5*o + 101. Determine x(22).
-9
Let v(g) = 60*g - 502. Determine v(8).
-22
Let v(j) = -6*j**2 + 3. Give v(-2).
-21
Let h(b) = -30*b - 5. Determine h(2).
-65
Let b(r) = 33*r - 34. Determine b(3).
65
Let j(k) = -k - 16. Give j(-10).
-6
Let u(t) = -3*t - 7. What is u(-5)?
8
Let y(n) = -n**3 + 6*n**2 + 12*n - 8. Give y(8).
-40
Let y(j) = -j**2 + 29*j - 38. Give y(28).
-10
Let a(t) = 2*t - 38. Determine a(17).
-4
Let m(d) = d**3 + 4*d**2 - 5*d - 6. What is m(-6)?
-48
Let q(h) = -4*h - 40. Determine q(-8).
-8
Let l(r) = r**2 + 2*r - 22. Determine l(-5).
-7
Let p(x) = x**2 + 9*x + 8. Determine p(-7).
-6
Let m(v) = 8*v + 90. Determine m(-12).
-6
Let l(v) = 2*v**2 + 17*v - 7. What is l(-9)?
2
Let x(s) = -s**3 + 10*s**2 - 10*s + 8. What is x(9)?
-1
Let l(f) = -f**2 - 6*f + 13. Give l(-7).
6
Let d(p) = 5*p - 125. Give d(24).
-5
Let j(w) = w**2 + 18*w - 249. Give j(-27).
-6
Let o(f) = -2*f**2 + 62*f + 13. Calculate o(31).
13
Let m(a) = -5*a**3 - 19*a**2 + 4*a - 3. What is m(-4)?
-3
Let x(w) = w**3 - 19*w**2 - w + 13. Calculate x(19).
-6
Let a(n) = 2*n**3 + 2*n**2 + 5*n - 2. What is a(-2)?
-20
Let t(x) = -21*x - 15. Calculate t(-5).
90
Let d(j) = j**3 - 35*j**2 - 38*j + 101. What is d(36)?
29
Let q(b) = -4*b**3 - 2*b**2 - b - 2. Calculate q(-2).
24
Let a(c) = 30*c + 229. What is a(-7)?
19
Let p(o) = -2*o**3 + 6*o**2 - 5. Calculate p(3).
-5
Let d(z) = 2*z + 11. Determine d(-13).
-15
Let a(k) = -10*k + 8. What is a(1)?
-2
Let f(l) = l - 4. Determine f(11).
7
Let y(x) = -2*x**2 + 9*x + 29. What is y(7)?
-6
Let d(r) = -r**2 - 3*r + 24. What is d(4)?
-4
Let d(k) = 8*k**2 + 2*k + 1. Calculate d(-1).
7
Let o(i) = 3*i - 27. Give o(13).
12
Let f(p) = -p**3 - 6*p**2 + 13*p + 27. Determine f(-8).
51
Let k(t) = t**3 - 9*t**2 - 27*t + 5. Determine k(11).
-50
Let v(s) = 13*s + 28. Give v(-6).
-50
Let b(x) = -x**2 + 8*x + 2. What is b(7)?
9
Let g(b) = -18*b + 1. Calculate g(-3).
55
Let c(s) = s**3 - 4*s**2 - 10*s + 14. What is c(6)?
26
Let j(q) = q - 3. Calculate j(6).
3
Let l(j) = j**2 + 9*j - 5. Determine l(-5).
-25
Let w(m) = 7*m**2 - 2*m - 2. Determine w(2).
22
Let x(k) = -3*k + 10. Determine x(4).
-2
Let w(z) = -z**3 - 16*z**2 - 23*z + 34. Calculate w(-14).
-36
Let h(o) = -o**3 + 9*o**2 - 13*o + 12. Determine h(6).
42
Let v(x) = x**3 - 70*x**2 + 70*x - 59. What is v(69)?
10
Let t(n) = 5*n + 57. Determine t(0).
57
Let i(x) = -22*x + 630. What is i(28)?
14
Let t(j) = -j**2 + 9*j + 2. Determine t(9).
2
Let p(f) = -f**3 + 23*f**2 - 4*f + 93. Give p(23).
1
Let u(c) = c**3 + 17*c**2 - 18*c + 5. Calculate u(-18).
5
Let m(v) = 60*v**3 + 2*v**2 - 1. Give m(-1).
-59
Let v(y) = 3*y - 2. Give v(1).
1
Let j(f) = -2*f**2 - 2. What is j(-2)?
-10
Let r(d) = -10*d + 1. Calculate r(2).
-19
Let z(f) = -2*f**2 + 28*f - 3. Calculate z(14).
-3
Let u(l) = -7*l + 39. What is u(4)?
11
Let d(f) = 2*f**2 - 3*f + 4. Calculate d(2).
6
Let j(f) = f**3 - 10*f - 4. Determine j(-4).
-28
Let t(r) = -3*r**2 - 27*r - 1. Determine t(-1).
23
Let u(v) = -v**2 + 13*v - 52. Determine u(7).
-10
Let l(m) = -m - 2. Calculate l(3).
-5
Let p(n) = 2*n - 42. Calculate p(9).
-24
Let j(p) = p**3 - 3*p**2. Determine j(1).
-2
Let h(c) = -c**3 + 13*c**2 - 10*c - 24. Determine h(12).
0
Let y(h) = -10*h - 25. What is y(-9)?
65
Let r(k) = -k**3 + 4*k**2 + 3*k - 8. What is r(5)?
-18
Let s(p) = -p**2 - 11*p - 1. Give s(-9).
17
Let q(t) = 2*t**2 - 8*t + 2. Calculate q(0).
2
Let n(y) = y**3 + 22*y**2 + 6. Determine n(-22).
6
Let x(a) = 7*a - 2. Give x(-4).
-30
Let u(k) = -4*k + 15. Determine u(-5).
35
Let c(w) = -w**3 + 3*w**2 + 3*w - 6. What is c(4)?
-10
Let v(r) = r**2 - 8*r - 8. What is v(10)?
12
Let w(z) = -z**3 - 4*z**2 + 5*z - 1. Calculate w(-5).
-1
Let n(q) = -6*q**3 + 1. Give n(-1).
7
Let o(u) = -u**2 - 7*u + 11. Give o(-8).
3
Let p(j) = j**2 + j + 8. Give p(6).
50
Let c(j) = -2*j**2 - 10*j + 3. Determine c(-3).
15
Let z(a) = -a**3 - a**2 - 23*a - 5. Determine z(0).
-5
Let i(t) = 74*t + 2. Give i(-1).
-72
Let l(o) = o**2 - 11*o + 14. Give l(3).
-10
Let v(z) = -z**2 - 4. Calculate v(-3).
-13
Let w(m) = -m**2 - 2*m. Calculate w(0).
0
Let l(x) = x**2 - 10*x - 16. What is l(12)?
8
Let n(b) = -b**2 + 12*b + 34. Calculate n(13).
21
Let n(v) = -3*v + 22. Calculate n(6).
4
Let c(x) = x**3 - 31*x**2 + 58*x + 11. Determine c(29).
11
Let f(r) = -42*r**3 - 5*r - 4. What is f(-1)?
43
Let i(k) = -8*k + 117. Determine i(13).
13
Let b(u) = 2*u**2 + 22*u - 70. Give b(-13).
-18
Let c(x) = -x**3 - 3*x**2 + 6*x + 1. Determine c(-5).
21
Let v(o) = 15*o + 2. Give v(-4).
-58
Let r(s) = -2*s + 4. What is r(6)?
-8
Let p(q) = 18*q + 7. Calculate p(-5).
-83
Let r(f) = -f**3 - 7*f**2 + 20*f - 6. Determine r(-9).
-24
Let i(t) = t**2 + 22*t + 17. What is i(-7)?
-88
Let p(k) = 7*k + 16. What is p(-9)?
-47
Let y(q) = -q**2 + 3*q - 1. Give y(1).
1
Let v(n) = n**3 + 5*n**2 + 6*n + 8. Calculate v(-6).
-64
Let b(c) = 7*c + 194. Give b(-26).
12
Let n(i) = -i**2 - 18*i - 72. Determine n(-10).
8
Let m(w) = -w**3 - 19*w**2 - 17*w + 25. Determine m(-18).
7
Let a(x) = 14*x - 77. Calculate a(9).
49
Let t(n) = -6*n - 107. Determine t(-18).
1
Let t(u) = u**3 + 2*u**2 + 5*u - 1. Calculate t(-4).
-53
Let d(t) = 3*t - 1. Determine d(1).
2
Let h(f) = 2*f**3 - 12*f**2 - f + 7. Calculate h(6).
1
Let p(g) = -g**3 + 5*g**2 - 4*g - 1. Give p(3).
5
Let b(u) = -u**3 + 7*u**2 + 2*u - 14. What is b(7)?
0
Let q(k) = -k**2 + 6*k - 3. What is q(6)?
-3
Let v(q) = -q**3 - 21*q**2 - 8*q - 170. Give v(-21).
-2
Let f(r) = r**2 + 9*r + 9. Give 